-16687
In base 13, what is 139 - -27985?
27ac1
In base 7, what is 235634 - -151505?
420442
In base 10, what is -520019 + 146?
-519873
In base 16, what is 28a191 + b?
28a19c
In base 12, what is -2a84082a + 9?
-2a840821
In base 12, what is -42326304 + 0?
-42326304
In base 7, what is -64 + 13310006?
13306612
In base 5, what is 1132414030 - 132?
1132413343
In base 12, what is 21375339 - -3?
21375340
In base 9, what is -10 + 210018610?
210018600
In base 15, what is -e544b2 - -2?
-e544b0
In base 14, what is b4d30 - 47?
b4cc7
In base 15, what is -58ebd + -1c4?
-59192
In base 12, what is 2b + 21ba1?
22010
In base 12, what is -9a163 + 19?
-9a146
In base 10, what is -237 + -72153?
-72390
In base 2, what is 11111101011011000100000 - -1111?
11111101011011000101111
In base 3, what is -22200221212 - -10110?
-22200211102
In base 12, what is -48a512 - 5?
-48a517
In base 13, what is -a0 + -319c5?
-31a95
In base 16, what is -4 + 4e370?
4e36c
In base 6, what is -523333345 - -50?
-523333255
In base 10, what is -795 - 25645?
-26440
In base 7, what is 15516134 - 2?
15516132
In base 10, what is 1206610 - 48?
1206562
In base 9, what is 7 - 31555374?
-31555366
In base 16, what is -6b1 - -5a9?
-108
In base 4, what is 1222332 + -221231?
1001101
In base 10, what is -102188 + -2807?
-104995
In base 6, what is -2215124300 - 5?
-2215124305
In base 11, what is 21a211 - 231?
219a90
In base 9, what is 105043 + 6728?
112772
In base 6, what is -23 + -1543112043?
-1543112110
In base 5, what is 1133 - 2401032?
-2344344
In base 14, what is a9 + 7a92?
7b5b
In base 14, what is -42b - -328?
-103
In base 11, what is 69597030 + -4?
69597027
In base 4, what is -12023213100 - -10?
-12023213030
In base 6, what is 5 - 14434411?
-14434402
In base 5, what is -10141430 + 44214?
-10042211
In base 8, what is -6504 - 2446?
-11152
In base 12, what is -aa21 + -b554?
-1a375
In base 3, what is 2110000110020101 + 0?
2110000110020101
In base 13, what is -1643 - 6825?
-8168
In base 14, what is -9 - -d2a8dc?
d2a8d3
In base 13, what is -623a1664 + -3?
-623a1667
In base 12, what is b4589407 - 4?
b4589403
In base 3, what is -10111 - 102022221?
-102110102
In base 9, what is 5818827 - -4?
5818832
In base 11, what is -94819882 - -5?
-94819878
In base 6, what is -1305 + 20421351?
20420042
In base 16, what is -11 - -a08d2?
a08c1
In base 13, what is 317b2a - 21?
317b09
In base 13, what is 2655 - -131?
2786
In base 3, what is 11111221100212011 - -21?
11111221100212102
In base 12, what is -26 - -24799a1?
2479977
In base 14, what is -6c0270b + 8?
-6c02703
In base 11, what is -25978089 - 2?
-25978090
In base 9, what is -3 + -62822655?
-62822658
In base 10, what is 1905 - 36047?
-34142
In base 2, what is -101110010011000 - 1000111010?
-101111011010010
In base 14, what is 0 + -103c428?
-103c428
In base 10, what is 31292974 - 1?
31292973
In base 3, what is -2122011211 + 202?
-2122011002
In base 5, what is 104233310 - -2200?
104241010
In base 7, what is 556 + 405051?
405640
In base 9, what is -1743064 - 137?
-1743212
In base 2, what is 10 - -100100100111111001000001?
100100100111111001000011
In base 5, what is -2034432204021 - -3?
-2034432204013
In base 8, what is 0 - -126503151?
126503151
In base 6, what is 302433 - 411?
302022
In base 4, what is -332001 - -312000?
-20001
In base 13, what is -1c971 + -18b?
-1cb2c
In base 8, what is -135431306 - -22?
-135431264
In base 3, what is -1212121202 - -1021102?
-1211100100
In base 3, what is -10011222111201200 - -1?
-10011222111201122
In base 13, what is -37b79 - 199?
-38045
In base 5, what is 1132034134 - -433?
1132040122
In base 12, what is 0 - -102875b?
102875b
In base 9, what is 1873170 + -14?
1873155
In base 13, what is 1 + -1854925?
-1854924
In base 4, what is -22312 + -31033210?
-31122122
In base 13, what is -2a74c4 + -288?
-2a777c
In base 12, what is -3ab4ba96 - -1?
-3ab4ba95
In base 13, what is -1b87063 + 3?
-1b87060
In base 8, what is -17661305 - -10?
-17661275
In base 12, what is -1833502 - -1?
-1833501
In base 9, what is -76 + -206057?
-206144
In base 8, what is 57 - -4124227?
4124306
In base 9, what is -213 + -463183?
-463406
In base 11, what is 43997604 + -1?
43997603
In base 14, what is -cc4bb4 - 4?
-cc4bb8
In base 6, what is -32101 + 25350?
-2311
In base 9, what is 72187 + -1156?
71031
In base 6, what is 21 - -15310133?
15310154
In base 6, what is -155125 - -220142?
21013
In base 2, what is -101010001000111001110 - -10011?
-101010001000110111011
In base 8, what is -310 - -4212270?
4211760
In base 15, what is 3 + -1382cea?
-1382ce7
In base 15, what is -5e02 - -9a?
-5d57
In base 7, what is -552 + -5025254?
-5026136
In base 11, what is 31a89 - -151?
3212a
In base 7, what is -4553546526 - 1?
-4553546530
In base 3, what is 111102201121101 + 20?
111102201121121
In base 14, what is 2 - -1237448d?
12374491
In base 13, what is -bb2b61c + 2?
-bb2b61a
In base 6, what is -442515232 - -33?
-442515155
In base 7, what is 43 - -15655260?
15655333
In base 4, what is 203233212 + -3000?
203230212
In base 4, what is 0 - -31221320332?
31221320332
In base 8, what is -5024 + -22355?
-27401
In base 4, what is -11 - 13011003233?
-13011003310
In base 2, what is 11000010110100101 - 10000000100?
11000000110100001
In base 16, what is -39 - 103edf?
-103f18
In base 12, what is -3b2b6 + 61?
-3b255
In base 12, what is 126 - -5bb52?
60078
In base 4, what is -2 - 303302332031?
-303302332033
In base 2, what is -11101 + 1010010011000000111010111?
1010010011000000110111010
In base 14, what is 103 + -567cb?
-566c8
In base 7, what is -111663261 + -31?
-111663322
In base 9, what is 1515032 + -4?
1515027
In base 4, what is -1002113321332 + 303?
-1002113321023
In base 12, what is -aa - 290ba?
-291a8
In base 16, what is 2 + 14a40ea?
14a40ec
In base 10, what is 3989 - -1999?
5988
In base 9, what is 5 + 2681522?
2681527
In base 3, what is 1001001220220 - -222220?
1001002220210
In base 13, what is 221b41 + -8?
221b36
In base 9, what is -55465 + -6073?
-62548
In base 2, what is 101010000001 + -10001110100?
11000001101
In base 16, what is 2b6db - 2d?
2b6ae
In base 14, what is -b67 - 13a?
-ca3
In base 6, what is 244 + 1351444?
1352132
In base 6, what is 2 - 331513544?
-331513542
In base 13, what is 14b88 + 1048?
15c03
In base 13, what is -c789ab - -2?
-c789a9
In base 9, what is -10718353 + 0?
-10718353
In base 2, what is -1010100110 + 1001001010101010011?
1001001001010101101
In base 4, what is -12300 - -1233303?
1221003
In base 12, what is -352b44 - -2?
-352b42
In base 4, what is 32302333110 - 1133?
32302331311
In base 11, what is -28789704 - 4?
-28789708
In base 13, what is 5 - 196a9b9a?
-196a9b95
In base 7, what is -34023242 - 4?
-34023246
In base 14, what is -40 - 143256?
-143296
In base 6, what is -55312152402 + -4?
-55312152410
In base 2, what is 10001010010111000 - 1101000110000?
1111101010001000
In base 7, what is 53 + -2560650?
-2560564
In base 5, what is 1 - 130204242323?
-130204242322
In base 9, what is -136621 + -6322?
-144043
In base 14, what is -372d8 - -13a?
-3719c
In base 7, what is 50 - 1403002?
-1402622
In base 3, what is -1211112101 - 20010210?
-2001200011
In base 4, what is 11322 - 122231023?
-122213101
In base 9, what is 84742 - -236?
85078
In base 6, what is -122141 + 551?
-121150
In base 14, what is 13 - 1b456d9?
-1b456c6
In base 7, what is -24 + 101366025?
101366001
In base 8, what is 535 - 123213?
-122456
In base 6, what is -1 - 35422403?
-35422404
In base 11, what is 2a00 - 8917?
-5a17
In base 11, what is 26673 + 49?
26711
In base 12, what is -77a6a8 + -26?
-77a712
In base 9, what is 16 - 87330361?
-87330344
In base 11, what is 8594 + -1156?
7439
In base 8, what is 253776261 + 6?
253776267
In base 9, what is -522 + -422865?
-423487
In base 15, what is 2e + c0eb3?
c0ee2
In base 14, what is -8 - 31b467?
-31b471
In base 11, what is 1218a - -11776?
23955
In base 5, what is -12030 - 12113300?
-12130330
In base 5, what is -222403232 + -103?
-222403340
In base 8, what is -10070272 - 52?
-10070344
In base 9, what is 413828417 - 0?
413828417
In base 12, what is 93a26 - -28?
93a52
In base 13, what is -95931b4 - -c?
-95931a5
In base 16, what is -461 - -16b6d?
1670c
In base 16, what is -763 + 1a5df?
19e7c
In base 8, what is -5 + 2677420?
2677413
In base 13, what is 5 + -88aaa88?
-88aaa83
In bas